
False
Is 2288 a multiple of 16?
True
Is 16 a factor of 1170?
False
Is 45 a factor of 610?
False
Is 264 a multiple of 9?
False
Is 7376 a multiple of 16?
True
Is 93 a factor of 46779?
True
Is 17 a factor of 10070?
False
Does 22 divide 17138?
True
Is 89320 a multiple of 29?
True
Is 16 a factor of 7056?
True
Does 167 divide 18262?
False
Is 4650 a multiple of 62?
True
Is 8 a factor of 336?
True
Is 4 a factor of 352?
True
Is 5888 a multiple of 23?
True
Is 6 a factor of 2046?
True
Does 4 divide 485?
False
Is 2181 a multiple of 18?
False
Is 45 a factor of 317?
False
Is 511 a multiple of 7?
True
Is 4908 a multiple of 12?
True
Does 4 divide 244?
True
Is 2323 a multiple of 23?
True
Does 34 divide 782?
True
Is 3 a factor of 284?
False
Does 20 divide 740?
True
Does 3 divide 321?
True
Does 45 divide 7051?
False
Does 18 divide 2940?
False
Is 28 a multiple of 2?
True
Is 4262 a multiple of 21?
False
Is 149 a factor of 19846?
False
Is 5255 a multiple of 91?
False
Does 31 divide 2016?
False
Does 11 divide 539?
True
Is 273 a multiple of 13?
True
Is 44739 a multiple of 11?
False
Does 5 divide 2201?
False
Does 6 divide 240?
True
Is 52 a factor of 12870?
False
Is 3005 a multiple of 13?
False
Is 12 a factor of 523?
False
Is 15389 a multiple of 11?
True
Does 7 divide 4726?
False
Does 10 divide 1230?
True
Is 21 a factor of 1301?
False
Is 6414 a multiple of 63?
False
Does 81 divide 12474?
True
Does 16 divide 146384?
True
Is 101 a factor of 8868?
False
Does 88 divide 83521?
False
Is 90 a factor of 1980?
True
Is 7049 a multiple of 5?
False
Is 58 a factor of 1795?
False
Is 59 a factor of 1652?
True
Is 1078 a multiple of 3?
False
Is 16 a factor of 838?
False
Does 20 divide 1000?
True
Does 43 divide 2537?
True
Is 70 a factor of 2310?
True
Is 57 a factor of 1083?
True
Is 25416 a multiple of 36?
True
Is 7 a factor of 450?
False
Is 206 a factor of 39026?
False
Is 1345 a multiple of 16?
False
Does 13 divide 234?
True
Is 6500 a multiple of 3?
False
Does 20 divide 3376?
False
Is 17 a factor of 7956?
True
Is 2656 a multiple of 56?
False
Is 451 a multiple of 41?
True
Does 44 divide 3088?
False
Does 19 divide 2641?
True
Is 1370 a multiple of 19?
False
Does 10 divide 2390?
True
Is 22668 a multiple of 42?
False
Does 18 divide 630?
True
Does 238 divide 14650?
False
Is 6912 a multiple of 72?
True
Does 82 divide 6150?
True
Is 756 a multiple of 9?
True
Is 9 a factor of 12152?
False
Is 53 a factor of 265?
True
Is 77 a factor of 4928?
True
Is 50384 a multiple of 71?
False
Does 13 divide 1773?
False
Is 2424 a multiple of 101?
True
Is 7010 a multiple of 19?
False
Is 21 a multiple of 16?
False
Is 669 a multiple of 3?
True
Is 1679 a multiple of 7?
False
Is 16 a factor of 384?
True
Is 1981 a multiple of 10?
False
Is 26019 a multiple of 21?
True
Is 10 a factor of 2000?
True
Is 8 a factor of 9241?
False
Does 21 divide 378?
True
Does 13 divide 62387?
True
Is 12 a factor of 2595?
False
Is 107 a factor of 10914?
True
Is 16 a factor of 304?
True
Does 12 divide 40570?
False
Does 117 divide 2664?
False
Is 12508 a multiple of 59?
True
Does 57 divide 65839?
False
Is 21 a factor of 3007?
False
Does 14 divide 2892?
False
Is 17 a factor of 182?
False
Is 26 a factor of 308?
False
Is 20 a factor of 2180?
True
Is 249 a multiple of 3?
True
Is 11 a factor of 7029?
True
Does 14 divide 23817?
False
Does 14 divide 812?
True
Does 9 divide 1152?
True
Is 169 a factor of 18895?
False
Is 42 a factor of 1580?
False
Is 340 a multiple of 15?
False
Is 15 a factor of 345?
True
Is 31 a factor of 1178?
True
Is 11 a factor of 352?
True
Does 15 divide 240?
True
Does 3 divide 3441?
True
Does 26 divide 2880?
False
Is 66 a factor of 1188?
True
Does 9 divide 58500?
True
Does 24 divide 264?
True
Does 42 divide 225?
False
Is 233 a multiple of 15?
False
Does 5 divide 55?
True
Is 9225 a multiple of 9?
True
Is 32 a factor of 44392?
False
Is 93 a factor of 558?
True
Is 20380 a multiple of 20?
True
Is 66 a factor of 132?
True
Is 56 a factor of 1636?
False
Is 588 a multiple of 2?
True
Does 36 divide 1128?
False
Does 146 divide 170?
False
Is 19 a factor of 114?
True
Is 2 a factor of 103?
False
Is 4 a factor of 299?
False
Is 99 a factor of 1782?
True
Is 197 a factor of 57524?
True
Is 10 a factor of 17560?
True
Does 20 divide 15020?
True
Does 227 divide 6198?
False
Does 51 divide 5964?
False
Does 14 divide 67999?
False
Is 65 a factor of 54535?
True
Is 64 a factor of 10496?
True
Does 27 divide 47682?
True
Does 39 divide 298?
False
Does 28 divide 8036?
True
Does 76 divide 608?
True
Does 10 divide 115532?
False
Is 18 a factor of 70?
False
Is 19 a factor of 282?
False
Does 82 divide 246?
True
Is 78486 a multiple of 73?
False
Does 11 divide 7656?
True
Is 9 a factor of 1467?
True
Is 27 a factor of 1793?
False
Is 51 a factor of 860?
False
Does 23 divide 1168?
False
Is 15 a factor of 5220?
True
Is 16 a factor of 1632?
True
Does 13 divide 57005?
True
Is 93 a multiple of 24?
False
Does 29 divide 3335?
True
Does 4 divide 10313?
False
Does 67 divide 26639?
False
Is 16 a factor of 3731?
False
Does 31 divide 328?
False
Does 107 divide 15057?
False
Does 7 divide 8547?
True
Is 26 a multiple of 12?
False
Is 75 a multiple of 13?
False
Does 5 divide 477?
False
Is 75240 a multiple of 76?
True
Is 2829 a multiple of 23?
True
Is 7 a factor of 763?
True
Is 21 a factor of 3636?
False
Is 36 a factor of 22112?
False
Does 57 divide 429?
False
Is 20 a factor of 3735?
False
Is 27 a factor of 9118?
False
Is 41 a factor of 33907?
True
Does 20 divide 58?
False
Does 8 divide 2425?
False
Is 7773 a multiple of 240?
False
Does 12 divide 480?
True
Is 35 a factor of 1756?
False
Does 12 divide 3972?
True
Does 128 divide 3950?
False
Is 42 a factor of 495?
False
Is 210 a multiple of 14?
True
Does 90 divide 720?
True
Is 48 a factor of 30192?
True
Is 26 a factor of 104708?
False
Is 26 a factor of 1509?
False
Is 540 a multiple of 18?
True
Is 8 a factor of 11282?
False
Is 38744 a multiple of 7?
False
Is 129 a factor of 9417?
True
Is 14 a factor of 13622?
True
Is 13 a factor of 8614?
False
Does 15 divide 11865?
True
Is 3 a factor of 12411?
True
Does 124 divide 29016?
True
Is 26 a factor of 18334?
False
Does 22 divide 1232?
True
Does 34 divide 21587?
False
Does 97 divide 153?
False
Is 66 a factor of 2244?
True
Is 17215 a multiple of 12?
False
Does 141 divide 135783?
True
Does 36 divide 36?
True
Does 6 divide 13821?
False
Is 25533 a multiple of 29?
False
Does 33 divide 2112?
True
Does 26 divide 442?
True
Is 12 a factor of 324?
True
Is 23 a factor of 230?
True
Is 22 a factor of 845?
False
Is 22 a factor of 1279?
False
Is 263 a factor of 16343?
False
Is 25 a factor of 575?
True
Is 4 a factor of 3072?
True
Is 7319 a multiple of 13?
True
Is 32 a factor of 12448?
True
Is 11 a factor of 548?
False
Is 245 a factor of 41405?
True
Is 35640 a multiple of 3?
True
Is 50 a factor of 2800?
True
Does 37 divide 888?
True
Does 23 divide 2022?
False
Is 10 a factor of 840?
True
Is 23 a factor of 1725?
True
Is 2508 a multiple of 12?
True
Is 76 a factor of 40508?
True
Is 105 a factor of 11340?
True
Does 21 divide 351?
False
Is 20 a multiple of 5?
True
Does 27 divide 540?
True
Does 74 divide 1384?
False
Is 1191 a multiple of 2?
False
Does 45 divide 6390?
True
Is 32 a factor of 15081?
False
Is 93 a factor of 6774?
False
Is 19 a factor of 444?
False
Is 3 a factor of 1704?
True
Does 174 divide 35901?
False
Is 864 a multiple of 24?
True
Is 10597 a multiple of 10?
False
Is 251 a multiple of 5?
False
Does 14 divide 4133?
False
Does 87 divide 11223?
True
Is 64 a factor of 38406?
False
Is 8 a factor of 776?
True
Is 12 a factor of 7461?
False
Is 18 a factor of 504?
True
Does 47 divide 95692?
True
Is 88 a factor of 1232?
True
Is 15 a factor of 11745?
True
Is 39 a factor of 663?
True
Does 25 divide 150?
True
Does 23 divide 354?
False
Does 13 divide 8016?
False
Is 2272 a multiple of 32?
True
Does 77 divide 16478?
True
Is 5 a factor of 548?
False
Does 15 divide 555?
True
Is 36 a factor of 5639?
False
Is 305 a factor of 78816?
False
Is 10 a factor of 10052?
False
Is 64 a factor of 338?
False
Does 19 divide 7486?
True
Is 12 a factor of 292?
False
Is 1112 a multiple of 59?
False
Is 145 a multiple of 32?
False
Is 26 a factor of 130?
True
Does 9 divide 8529?
False
Is 32 a factor of 2923?
False
Is 1632 a multiple of 102?
True
I